{"id":192,"date":"2015-04-09T13:02:57","date_gmt":"2015-04-09T11:02:57","guid":{"rendered":"http:\/\/syltopia.natuerlichsylt.net\/?page_id=192"},"modified":"2015-04-11T18:54:15","modified_gmt":"2015-04-11T16:54:15","slug":"teil-ii-die-touren","status":"publish","type":"page","link":"https:\/\/www.syltopia.de\/?page_id=192","title":{"rendered":"Teil II &#8211; Die Touren"},"content":{"rendered":"<p class=\"paragraph_style_2\">Inhaltsverzeichnis<a href=\"http:\/\/syltopia.natuerlichsylt.net\/wp-content\/uploads\/2015\/04\/shapeimage_1-2.png\"><img loading=\"lazy\" decoding=\"async\" class=\" size-full wp-image-225 alignright\" src=\"http:\/\/syltopia.natuerlichsylt.net\/wp-content\/uploads\/2015\/04\/shapeimage_1-2.png\" alt=\"shapeimage_1 2\" width=\"400\" height=\"280\" srcset=\"https:\/\/www.syltopia.de\/wp-content\/uploads\/2015\/04\/shapeimage_1-2.png 400w, https:\/\/www.syltopia.de\/wp-content\/uploads\/2015\/04\/shapeimage_1-2-300x210.png 300w\" sizes=\"auto, (max-width: 400px) 100vw, 400px\" \/><\/a><strong><br \/>\n<em>Teil II:<\/em><\/strong><br \/>\n<em> <strong>Die Touren:<\/strong><br \/>\n<strong>Was Sie schon immer auf Sylt entdecken wollten &#8230;<\/strong><\/em><\/p>\n<ul>\n<li class=\"paragraph_style_3\">Hinweise f\u00fcr Exkursionen per Fahrrad und per pedes:\n<ul>\n<li class=\"paragraph_style_4\">Rad(t)schl\u00e4ge f\u00fcr Sylt-Eroberer<\/li>\n<\/ul>\n<\/li>\n<li class=\"paragraph_style_3\">Tour 1 \u2013 Minimetropole am Meer\n<ul>\n<li class=\"paragraph_style_4\">Spaziergang durch Westerland<\/li>\n<\/ul>\n<\/li>\n<li class=\"paragraph_style_3\">Tour 2 \u2013 Ab durch die Mitte:\n<ul>\n<li class=\"paragraph_style_3\">Die kleine Tour rund um den Inselkern<\/li>\n<li class=\"paragraph_style_3\">Tinnum \u2013 St. Severin \u2013 Munkmarsch \u2013 Wenningstedt \u2013 Braderup<\/li>\n<\/ul>\n<\/li>\n<li class=\"paragraph_style_3\">Tour 3 \u2013 D\u00f6rfer, Friesen, Vogelschw\u00e4rme<img loading=\"lazy\" decoding=\"async\" class=\" size-full wp-image-230 alignright\" src=\"http:\/\/syltopia.natuerlichsylt.net\/wp-content\/uploads\/2015\/04\/shapeimage_2-2.png\" alt=\"shapeimage_2 2\" width=\"259\" height=\"159\" \/>\n<ul>\n<li class=\"paragraph_style_4\">Die gro\u00dfe Osttour durch den ruhigen Teil der Insel<\/li>\n<li class=\"paragraph_style_4\">Keitum \u2013 Archsum \u2013 Morsum<\/li>\n<\/ul>\n<\/li>\n<li class=\"paragraph_style_3\">Tour 4 \u2013 Kunst, Natur und Meeresgeister: Die kleine S\u00fcdtourWesterland \u2013 Eidum Vogelkoje \u2013 Rantum<\/li>\n<li class=\"paragraph_style_3\">Tour 5 \u2013 Wildes Sylt: Die gro\u00dfe S\u00fcdtour\n<ul>\n<li class=\"paragraph_style_3\">Rantum \u2013 Puan Klent \u2013 H\u00f6rnum<\/li>\n<\/ul>\n<\/li>\n<li class=\"paragraph_style_3\">Tour 6 \u2013 Die S\u00fcdspitze:\n<ul>\n<li class=\"paragraph_style_3\">Spazierg\u00e4nge am \u00bbSylter Kap Hoorn\u00ab<\/li>\n<li class=\"paragraph_style_3\">Rund um die H\u00f6rnum Odde<a href=\"http:\/\/syltopia.natuerlichsylt.net\/wp-content\/uploads\/2015\/04\/P1060743.jpg\"><img loading=\"lazy\" decoding=\"async\" class=\" size-full wp-image-218 alignright\" src=\"http:\/\/syltopia.natuerlichsylt.net\/wp-content\/uploads\/2015\/04\/P1060743.jpg\" alt=\"P1060743\" width=\"259\" height=\"194\" \/><\/a><\/li>\n<li class=\"paragraph_style_3\">Zur H\u00f6rnumer Sandnehrung<\/li>\n<\/ul>\n<\/li>\n<li class=\"paragraph_style_3\">Tour 7 \u2013 Radeln auf dem Sylter R\u00fccken: Die kleine Nordtour\n<ul>\n<li class=\"paragraph_style_3\">Westerland \u2013 Wenningstedt \u2013 Braderup<\/li>\n<\/ul>\n<\/li>\n<li class=\"paragraph_style_3\">Tour 8 \u2013 Kontraste zwischen Kliffs und Klunkern:\n<ul>\n<li class=\"paragraph_style_3\">Die gro\u00dfe Nordtour<\/li>\n<li class=\"paragraph_style_3\">Wenningstedt \u2013 Kampen \u2013 List<\/li>\n<\/ul>\n<\/li>\n<li class=\"paragraph_style_3\">Tour 9 \u2013 Die Nordspitze:\n<ul>\n<li class=\"paragraph_style_3\">Radeln um Deutschlands n\u00f6rdlichsten Zipfel<\/li>\n<li class=\"paragraph_style_3\">Rund um den Ellenbogen<\/li>\n<li class=\"paragraph_style_3\">K\u00f6nigshafen, Lister Koog und Vogelinsel Uth\u00f6rn<\/li>\n<li class=\"paragraph_style_3\">List Vegas \u2013 Buntes Treiben am Lister Hafen<\/li>\n<\/ul>\n<\/li>\n<li class=\"paragraph_style_3\">Sylt ohne Grenzen: Tagesausflug zur Nachbarinsel R\u00f8m\u00f8<\/li>\n<li class=\"paragraph_style_3\">N\u00fctzliche Tipps von A-Z<\/li>\n<li class=\"paragraph_style_3\">Der Autor<\/li>\n<li class=\"paragraph_style_3\">Stichwortverzeichnis<\/li>\n<li class=\"paragraph_style_3\">Dank und Bitte<\/li>\n<\/ul>\n","protected":false},"excerpt":{"rendered":"<p>Inhaltsverzeichnis Teil II: Die Touren: Was Sie schon immer auf Sylt entdecken wollten &#8230; Hinweise f\u00fcr Exkursionen per Fahrrad und per pedes: Rad(t)schl\u00e4ge f\u00fcr Sylt-Eroberer Tour 1 \u2013 Minimetropole am Meer Spaziergang durch Westerland Tour 2 \u2013 Ab durch die Mitte: Die kleine Tour rund um den Inselkern Tinnum \u2013 St. Severin \u2013 Munkmarsch \u2013 [&hellip;]<\/p>\n","protected":false},"author":2,"featured_media":0,"parent":2,"menu_order":0,"comment_status":"open","ping_status":"open","template":"","meta":{"jetpack_post_was_ever_published":false,"footnotes":""},"class_list":["post-192","page","type-page","status-publish","hentry"],"jetpack_sharing_enabled":true,"jetpack_shortlink":"https:\/\/wp.me\/P5YYdk-36","_links":{"self":[{"href":"https:\/\/www.syltopia.de\/index.php?rest_route=\/wp\/v2\/pages\/192","targetHints":{"allow":["GET"]}}],"collection":[{"href":"https:\/\/www.syltopia.de\/index.php?rest_route=\/wp\/v2\/pages"}],"about":[{"href":"https:\/\/www.syltopia.de\/index.php?rest_route=\/wp\/v2\/types\/page"}],"author":[{"embeddable":true,"href":"https:\/\/www.syltopia.de\/index.php?rest_route=\/wp\/v2\/users\/2"}],"replies":[{"embeddable":true,"href":"https:\/\/www.syltopia.de\/index.php?rest_route=%2Fwp%2Fv2%2Fcomments&post=192"}],"version-history":[{"count":6,"href":"https:\/\/www.syltopia.de\/index.php?rest_route=\/wp\/v2\/pages\/192\/revisions"}],"predecessor-version":[{"id":339,"href":"https:\/\/www.syltopia.de\/index.php?rest_route=\/wp\/v2\/pages\/192\/revisions\/339"}],"up":[{"embeddable":true,"href":"https:\/\/www.syltopia.de\/index.php?rest_route=\/wp\/v2\/pages\/2"}],"wp:attachment":[{"href":"https:\/\/www.syltopia.de\/index.php?rest_route=%2Fwp%2Fv2%2Fmedia&parent=192"}],"curies":[{"name":"wp","href":"https:\/\/api.w.org\/{rel}","templated":true}]}}