{"id":255,"date":"2015-04-09T16:32:38","date_gmt":"2015-04-09T14:32:38","guid":{"rendered":"http:\/\/syltopia.natuerlichsylt.net\/?page_id=255"},"modified":"2015-04-09T16:38:41","modified_gmt":"2015-04-09T14:38:41","slug":"angespueltes","status":"publish","type":"page","link":"https:\/\/www.syltopia.de\/?page_id=255","title":{"rendered":"Angesp\u00fcltes"},"content":{"rendered":"<div   data-autoplay='1'  data-interval='5'  data-animation='fade'  data-hoverpause='1'  class='avia-testimonial-wrapper avia-grid-testimonials avia-grid-2-testimonials avia_animate_when_almost_visible   '>\n<section class ='avia-testimonial-row'><div class='avia-testimonial av_one_half flex_column no_margin avia-testimonial-row-1 avia-first-testimonial' ><div class='avia-testimonial_inner'  itemscope=\"itemscope\" itemtype=\"https:\/\/schema.org\/CreativeWork\" ><div class='avia-testimonial-content '  ><div class='avia-testimonial-markup-entry-content'  itemprop=\"text\" ><div class=\"style_SkipStroke shape-with-text flowDefining\">\n<div class=\"text-content style_External_400_897\">\n<div class=\"style\">\n<p class=\"paragraph_style\"><strong>Buchrezension NAT\u00dcRLICH SYLT<\/strong><\/p>\n<p class=\"paragraph_style\">Der Naturerlebnisf\u00fchrer von Lothar Koch<span class=\"style_1\"><br \/>\n<\/span><\/p>\n<p class=\"paragraph_style_2\">Zu den von uns regelm\u00e4\u00dfig vorgestellten Wanderf\u00fchrern \u2013 die normalerweise unsere heimatlichen Berge beschreiben \u2013 gesellt sich dieses Mal ein Wander- und Radf\u00fchrer ganz besonderer Art:<\/p>\n<p class=\"paragraph_style\">Nat\u00fcrlich Sylt\u201c von Lothar Koch beinhaltet Tourenvorschl\u00e4ge f\u00fcr Radfahrer und Wanderer auf der n\u00f6rdlichsten unserer deutschen Inseln. Sylt war ja schon mehrmals mein Thema \u2013 Sie wissen, ich liebe diese Insel und bringe immer wieder etwas Informatives \u00fcber die Sch\u00f6ne Nordfrieslands mit.<span class=\"style_1\"><br \/>\n<\/span><\/p>\n<p class=\"paragraph_style\">Dieses Mal habe ich einen wirklich besonderen Reisef\u00fchrer \u2013 etwas, was es nicht alle Tage \u00fcber ein Urlaubsgebiet gibt. Das Buch macht gro\u00dfe Lust darauf, Sylt einmal ganz anders zu erkunden, als Sie das bisher vielleicht gemacht haben&#8230;<span class=\"style_1\"><br \/>\n<\/span><\/p>\n<p class=\"paragraph_style\">Sylt ist zu jeder Jahreszeit wunderbar \u2013 aber ich m\u00f6chte einfach behaupten: die Natur (und davon gibt es auf der Insel, trotz erheblicher Eingriffe \u00fcber Jahrzehnte hinweg, viel!) kann man am sch\u00f6nsten entdecken, wenn der Herbst dem Ende entgegengeht. Da wird es ruhig am Strand, auf den Wegen am Watt entlang, auf den Radwegen durch die phantastischen D\u00fcnenlandschaften und in den D\u00f6rfern. Das ist aber nur unsere pers\u00f6nliche Meinung!<span class=\"style_1\"><br \/>\n<\/span><\/p>\n<p class=\"paragraph_style\">Damit das \u201eEntdecken\u201c gezielt vor sich geht und Sie so viel wie m\u00f6glich \u00fcber die Geschichte und Entstehung der Insel, \u00fcber Flora und Fauna und nicht zuletzt nat\u00fcrlich \u00fcber die Bewohner (die echten Sylter sind damit gemeint \u2013 nicht die Touristen!) erfahren bei all Ihren Unternehmungen, sollten Sie dieses Buch immer dabei haben. Viel gibt es auch nachzulesen \u00fcber die Gef\u00e4hrdung dieser sensiblen Landschaft, \u00fcber die Umweltgef\u00e4hrdung der Nordsee und ihrer Tier- und Pflanzenwelt. Sie werden nach der Begleitung durch diesen F\u00fchrer ganz sicher kritischer und hellh\u00f6riger aus Ihrem Urlaub zur\u00fcckkehren!<span class=\"style_1\"><br \/>\n<\/span><\/p>\n<p class=\"paragraph_style\">Wir sind ja mittlerweile nicht mehr ganz unerfahren, was Sylt betrifft und zudem von Anfang an immer mit Blickpunkt \u201eNatur\u201c unterwegs \u2013 und da wir ohne Auto dorthin kommen, sind unsere einzigen Fortbewegungsmittel das Fahrrad und unsere Beine. Durch \u201eNat\u00fcrlich Sylt\u201c haben wir dennoch eine Menge dazugelernt, auch wenn uns viele Dinge schon bekannt waren. Die vorgeschlagenen Wege kannten wir alle schon \u2013 haben aber trotzdem viel Neues erfahren!\u00a0<span class=\"style_1\"><br \/>\n<\/span><\/p>\n<p class=\"paragraph_style\">Somit k\u00f6nnen wir als Fazit f\u00fcr Sie empfehlen:<span class=\"style_1\"><br \/>\n<\/span><\/p>\n<p class=\"paragraph_style_2\">Wenn Sie Sylt besuchen wollen \u2013 zum ersten Mal oder zum wer wei\u00df wievielten Mal \u2013 und wissen m\u00f6chten, was es \u00fcber das shoppen\/schick essen gehen\/flanieren\/am Strand liegen hinaus an Spannendem und Sch\u00f6nem zu entdecken gibt auf der Insel, dann nehmen Sie unbedingt diesen an Informationen \u00fcberreichen F\u00fchrer\u00a0 mit. Sie glauben gar nicht, was es da alles an Wissenswertem und Interessantem gibt&#8230; und Sie werden staunen, was f\u00fcr ein sch\u00fctzenswertes Kleinod sich da oben im Norden zwischen Wattenmeer und Hochsee verbirgt!<\/p>\n<p class=\"paragraph_style\">Zu guter Letzt noch ein paar Infos zum Verfasser:<span class=\"style_1\"><br \/>\n<\/span><\/p>\n<p class=\"paragraph_style_3\">Lothar Koch ist pr\u00e4destiniert wie kaum ein anderer, \u00fcber \u201eseine\u201c Insel zu schreiben. Der Biologe \u2013 geboren auf Juist, seit 1988 auf Sylt zu Hause \u2013 leitete 15 Jahre lang die Sylter Informationszentren der Naturschutzgesellschaft Schutzstation Wattenmeer e.V. Er engagiert sich in vielen Gremien f\u00fcr die L\u00f6sung aktueller Natur- und Umweltprobleme im Nationalpark Schleswig-Holsteinisches Wattenmeer. Er hat auf jeden Fall den \u201e\u00f6kologischen Insiderblick\u201c und kann zudem spannend und interessant erz\u00e4hlen \u2013 so wird es auch beim Lesen nie langweilig (bei den Entdeckungen in der Weite von D\u00fcnen, Heide und Meer besteht diese Gefahr ohnehin nicht!)<\/p>\n<p class=\"paragraph_style_3\">Christine Deubler \u2013 lesen bildet-vhs Krumbach \u2013\u00a0<a title=\"http:\/\/www.literaturherbst-krumbach.de\" href=\"http:\/\/www.literaturherbst-krumbach.de\/\">www.literaturherbst-krumbach.de<\/a><\/p>\n<\/div>\n<div class=\"tinyText\"><\/div>\n<\/div>\n<div id=\"generic-body-attributes\" class=\"Free_Form\"><\/div>\n<\/div>\n<div id=\"id1\" class=\"style_SkipStroke_1 shape-with-text\">\n<div class=\"text-content style_External_295_20\">\n<div class=\"style_2\">\n<p class=\"Summary_Title\">BU<\/p>\n<\/div>\n<\/div>\n<\/div>\n<\/div><\/div><div class='avia-testimonial-meta'><div class='avia-testimonial-arrow-wrap'><div class='avia-arrow'><\/div><\/div><div class='avia-testimonial-meta-mini'  itemprop=\"author\" itemscope=\"itemscope\" itemtype=\"https:\/\/schema.org\/Person\" ><strong  class='avia-testimonial-name'    itemprop=\"name\" >Christine Deubler <\/strong><span  class='avia-testimonial-subtitle '    itemprop=\"jobTitle\" >Literaturherbst Krumbach<\/span><\/div><\/div><\/div><\/div>\n<div class='avia-testimonial av_one_half flex_column no_margin avia-testimonial-row-1 avia-last-testimonial' ><div class='avia-testimonial_inner'  itemscope=\"itemscope\" itemtype=\"https:\/\/schema.org\/CreativeWork\" ><div class='avia-testimonial-content '  ><div class='avia-testimonial-markup-entry-content'  itemprop=\"text\" ><div id=\"header_layer\">\n<div id=\"id1\" class=\"style_SkipStroke shape-with-text\">\n<div class=\"text-content style_External_295_20\">\n<div class=\"style\">\n<p class=\"Summary_Title\">DIE WELT<\/p>\n<\/div>\n<\/div>\n<div id=\"generic-title-attributes\" class=\"Summary_Title\"><\/div>\n<\/div>\n<div id=\"id2\" class=\"style_SkipStroke_1 shape-with-text\">\n<div id=\"generic-datefield-attributes\" class=\"Date\"><strong>\u00a0Sag zum Abschied leise: Huch? Sommer!<\/strong><\/div>\n<\/div>\n<\/div>\n<div id=\"body_layer\">\n<div class=\"style_SkipStroke_2 shape-with-text flowDefining\">\n<div class=\"text-content style_External_400_394\">\n<div class=\"style_1\">\n<p class=\"paragraph_style\">&#8230;<br \/>\n<span class=\"style_2\">Auszug aus dem Welt-Artikel von Inga Griese (24.8.2012)<\/span><span class=\"style_3\"><br \/>\n<\/span><\/p>\n<p class=\"Body\"><span class=\"style_3\">Der Sylter Biologe und Nordsee-Experte Lothar Koch hat einen sch\u00f6nen Erlebnisf\u00fchrer &#8222;Nat\u00fcrlich Sylt&#8220; (Feldhaus) verfasst. Meine Lieblingsstelle ist ein Gedicht von dem geb\u00fcrtigen Berliner Ferdinand Avenarius (1856-1923), der einst Wegbereiter f\u00fcr viele K\u00fcnstler in dem noch verschlafenen Ort Kampen war. Von ihm stammt das Gedicht auf Seite 183 &#8222;Meine Damen und Herren, ich pfeife auf einen unsterblichen Namen. Doch ein stilles Werk unsterblicher Kraft, das leise weiter und weiter schafft, das w\u00e4r&#8216;, was ich mir w\u00fcnschen k\u00f6nnt.&#8220; Hier oben gibt es so eine Kraft: Die Luft! Einmal noch tief durchatmen.<br \/>\n<\/span><\/p>\n<p class=\"Body\"><span class=\"style_3\">Kompletter Artikel:\u00a0<\/span><a class=\"style_4\" title=\"http:\/\/www.welt.de\/print\/wams\/Hamburg__WAMS_\/article108779175\/Sag-zum-Abschied-leise-Huch-Sommer.html\" href=\"http:\/\/www.welt.de\/print\/wams\/Hamburg__WAMS_\/article108779175\/Sag-zum-Abschied-leise-Huch-Sommer.html\">Hier<\/a>\u00a0<a title=\"http:\/\/www.welt.de\/print\/wams\/Hamburg__WAMS_\/article108779175\/Sag-zum-Abschied-leise-Huch-Sommer.html\" href=\"http:\/\/www.welt.de\/print\/wams\/Hamburg__WAMS_\/article108779175\/Sag-zum-Abschied-leise-Huch-Sommer.html\">klicken<\/a><\/p>\n<\/div>\n<\/div>\n<div id=\"generic-body-attributes\" class=\"Free_Form\"><\/div>\n<\/div>\n<div class=\"spacer\"><\/div>\n<\/div>\n<\/div><\/div><div class='avia-testimonial-meta'><div class='avia-testimonial-arrow-wrap'><div class='avia-arrow'><\/div><\/div><div class='avia-testimonial-meta-mini'  itemprop=\"author\" itemscope=\"itemscope\" itemtype=\"https:\/\/schema.org\/Person\" ><strong  class='avia-testimonial-name'    itemprop=\"name\" >Inga Griese<\/strong><span  class='avia-testimonial-subtitle '    itemprop=\"jobTitle\" >Die Welt<\/span><\/div><\/div><\/div><\/div><\/section>\n<section class ='avia-testimonial-row'><div class='avia-testimonial av_one_half flex_column no_margin avia-testimonial-row-2 avia-first-testimonial' ><div class='avia-testimonial_inner'  itemscope=\"itemscope\" itemtype=\"https:\/\/schema.org\/CreativeWork\" ><div class='avia-testimonial-content '  ><div class='avia-testimonial-markup-entry-content'  itemprop=\"text\" ><p>PRESSEMITTEILUNG<\/p>\n<div class=\"style_SkipStroke_1 shape-with-text flowDefining\">\n<div class=\"text-content style_External_400_934\">\n<div class=\"style_1\">\n<p class=\"paragraph_style\">Zwischen Kliff und Klunkern:<\/p>\n<p class=\"paragraph_style\">\u201eNat\u00fcrlich Sylt \u201c \u2013 Ein Natur Erlebnis F\u00fchrer<\/p>\n<p class=\"paragraph_style\">Hamburg\/Westerland M\u00e4rz 2012 &#8211; F\u00fcr alle Inselliebhaber (und alle, die es noch werden) hat der Insulaner Lothar Koch, 52, einen au\u00dfergew\u00f6hnlichen Naturerlebnisf\u00fchrer geschrieben, der im Hamburger Feldhaus Verlag im Fr\u00fchjahr erscheint: \u201eNat\u00fcrlich Sylt.\u201c Der Autor ist ein versierter Nordseeexperte und unterhaltsamer Schreiber, was den Reisef\u00fchrer, neben dem bemerkenswerten Informationsreichtum, zur vergn\u00fcglichen Lekt\u00fcre macht. Selbst der erfahrene Sylt-Besucher erf\u00e4hrt in dem \u00fcbersichtlich und liebevoll gestalteten Buch (mit zahlreichen Land- und Tourenkarten) immer wieder Neues \u00fcber die abwechslungsreichen Naturr\u00e4ume der Insel wie Strand, Watt, D\u00fcnen, Marschwiesen oder Heide, inklusive der spannenden Tierwelt mit Seehunden, Kegelrobben und Schweinswalen.<\/p>\n<p class=\"paragraph_style\">Sylt ist die prominenteste Urlaubsinsel Deutschlands und man sollte meinen, jedes Fleckchen dieses Paradieses w\u00e4re entdeckt, fotografiert und beschrieben. Jeder Fan hat ja sein pers\u00f6nliches Sylt vor Augen, und er tr\u00e4umt entweder von einem Bad in den Nordseewellen, schw\u00e4rmt von einer Radtour am Watt entlang von Keitum nach Kampen oder sieht sich bei einem Glas Wein auf der Terrasse einer der zahlreichen Strandbodegas. Sylt bedeutet Salz auf der Haut und Sonne im Herzen.<\/p>\n<p class=\"paragraph_style\">Der studierte Biologe Lothar Koch riskiert auch einen kritischen Blick auf die aktuelle Entwicklung des Inselgeschehens, ohne dabei seinen frischen Stil einzub\u00fc\u00dfen \u2013 es geht dem Insider um Naturgenuss und Information zugunsten eines liebevollen Umgangs mit den Sch\u00e4tzen der \u201eK\u00f6nigin der Nordsee\u201c. Die anspruchsvolle Bildgestaltung des Reisef\u00fchrers versetzt jeden Betrachter in die Sehnsuchts-Stimmung, die jeder Besucher kennt, der einmal am Strand entlang den Spuren der anderen Wanderer gefolgt ist \u2013 den Blick geheftet am Gischt-Kamm der sich ewig brechenden Wellen. Liegt dieses Buch fernab von Sylt in der Hand, m\u00f6chte man gleich die Koffer packen, um zumindest f\u00fcr eine Woche in dem ber\u00fchmten Reizklima aufzutanken.<\/p>\n<p class=\"paragraph_style\">Im zweiten Teil von \u201eNat\u00fcrlich Sylt.\u201c warten genaue Beschreibungen gut strukturierter Touren \u00fcber die gesamte Insel, die mit dem Fahrrad oder per pedes unternommen werden k\u00f6nnen, allesamt pers\u00f6nlich vom Autor erprobt und mit Insiderwissen gespickt. Lothar Koch widmet jedem Dorf einen Lieblingsspaziergang, man sollte fast meinen, er kenne jeden Einheimischen und jedes Brutgelege der Vogelwelt pers\u00f6nlich, auf jeden Fall aber erz\u00e4hlt er sehr am\u00fcsant dar\u00fcber, wer der sagenumwobene \u201eEkke Nekkepen\u201c gewesen sein soll und verr\u00e4t heidnische Br\u00e4uche.<\/p>\n<p class=\"paragraph_style\">Gespickt mit Tipps und Adressen von Angeln bis Yoga, Naturerlebnis-Zentren, nebst Biol\u00e4den und Seawatching wird der aktuelle Reisef\u00fchrer \u201eNat\u00fcrlich Sylt.\u201c zu einem willkommenen Kurschatten der Saison, der in keinem Strandkorb und keiner Fahrradtasche fehlen sollte: Von Syltern empfohlen!<\/p>\n<p class=\"paragraph_style_1\">Nat\u00fcrlich Sylt\u00a0<span class=\"style_2\"><br \/>\n<\/span><\/p>\n<p class=\"paragraph_style_1\">Der Natur-Erlebnisf\u00fchrer von Lothar Koch\u00a0<span class=\"style_2\"><br \/>\n<\/span><\/p>\n<p class=\"paragraph_style\">Geschichte, \u00d6kologie und Schutzgebiete der Insel<\/p>\n<p class=\"paragraph_style\">Tourenvorschl\u00e4ge f\u00fcr Radfahrer und Wanderer<\/p>\n<p class=\"paragraph_style\">Mit \u00fcber 120 Fotos und Karten \/ 248 Seiten \/ Flexocover<\/p>\n<p class=\"paragraph_style\">Feldhaus Verlag Hamburg<\/p>\n<p class=\"paragraph_style\">22,90 Euro<\/p>\n<p class=\"paragraph_style\">April 2012<\/p>\n<p class=\"paragraph_style_1\"><span class=\"style_2\">\u00a0<\/span><\/p>\n<p class=\"paragraph_style\">\n<\/div>\n<\/div>\n<div id=\"generic-body-attributes\" class=\"Free_Form\"><\/div>\n<\/div>\n<div id=\"id2\" class=\"style_SkipStroke_2 shape-with-text\"><\/div>\n<\/div><\/div><div class='avia-testimonial-meta'><div class='avia-testimonial-arrow-wrap'><div class='avia-arrow'><\/div><\/div><div class='avia-testimonial-meta-mini'  itemprop=\"author\" itemscope=\"itemscope\" itemtype=\"https:\/\/schema.org\/Person\" ><strong  class='avia-testimonial-name'    itemprop=\"name\" >Stefanie Wilcke<\/strong><span  class='avia-testimonial-subtitle '    itemprop=\"jobTitle\" >Feldhaus Verlag<\/span><\/div><\/div><\/div><\/div>\n<div class='avia-testimonial av_one_half flex_column no_margin avia-testimonial-row-2 avia-last-testimonial' ><div class='avia-testimonial_inner'  itemscope=\"itemscope\" itemtype=\"https:\/\/schema.org\/CreativeWork\" ><div class='avia-testimonial-content '  ><div class='avia-testimonial-markup-entry-content'  itemprop=\"text\" ><div class=\"style_SkipStroke_2 shape-with-text flowDefining\">\n<div class=\"text-content style_External_400_444\">\n<div class=\"style_1\">\n<p class=\"paragraph_style\">Die SMG (Sylt Marketing Gesellschaft) hat ihr aktuelles Nat\u00fcrlich Sylt Magazin zeitgleich als Print und als App-Ausgabe f\u00fcr\u00b4s Ipad ver\u00f6ffentlicht. Es ist einmal wieder eine Augen-und Leseweide geworden. Unglaublich beeindruckende Bilder der Insel stehen zu interesssanten, skurrilen, originellen, naturbezogenen \u00a0und immer lesenswerten Artikeln. Darunter auch die Vorstellung des neuen Naturerlebnisf\u00fchrers \u201cNat\u00fcrlich Sylt\u201d von Lothar Koch.<\/p>\n<p class=\"paragraph_style\">Das preisgekr\u00f6nte Layout der in medias.red Agentur aus Hamburg, die Spitzenfotografen und die treffenden Texte der Sylter Journalistin Kattrin Mauz-Rudi geben die besondere Mischung des Magazins, f\u00fcr die Sie jedes kommerzielle Inselmagazin links liegen lassen. Ich empfehle das Nat\u00fcrlichSylt-Magazin unbedingt in der geduckten Version, weil es im Gro\u00dfformat auf dem ganz speziellen \u00d6kopapier am besten r\u00fcberkommt. Man kann es bei der SMG in Westerland\/Alte Post direkt bekommen, oder bestellen. Das App gibt es als kostenlosen download.<\/p>\n<\/div>\n<div class=\"tinyText\"><\/div>\n<\/div>\n<div id=\"generic-body-attributes\" class=\"Free_Form\"><\/div>\n<\/div>\n<div id=\"id3\" class=\"style_SkipStroke_3 shape-with-text\"><\/div>\n<\/div><\/div><div class='avia-testimonial-meta'><div class='avia-testimonial-arrow-wrap'><div class='avia-arrow'><\/div><\/div><div class='avia-testimonial-meta-mini'  itemprop=\"author\" itemscope=\"itemscope\" itemtype=\"https:\/\/schema.org\/Person\" ><strong  class='avia-testimonial-name'    itemprop=\"name\" >Katrin Mauz-Rudi<\/strong><span  class='avia-testimonial-subtitle '    itemprop=\"jobTitle\" >Nat\u00fcrlich Sylt Magazin<\/span><\/div><\/div><\/div><\/div><\/section>\n<section class ='avia-testimonial-row'><div class='avia-testimonial av_one_half flex_column no_margin avia-testimonial-row-3 avia-first-testimonial' ><div class='avia-testimonial_inner'  itemscope=\"itemscope\" itemtype=\"https:\/\/schema.org\/CreativeWork\" ><div class='avia-testimonial-content '  ><div class='avia-testimonial-markup-entry-content'  itemprop=\"text\" ><div class=\"style_SkipStroke shape-with-text flowDefining\">\n<div class=\"text-content style_External_400_293\">\n<div class=\"style\">\n<p class=\"Body\">Im Juli 2012 lief ein ehrgeiziges Pionierprojekt im Auftrag von Sylt Marketing auf der Insel. Ein Web-Abenteurer namens Tom Tautz sollte 6 Wochen lang t\u00e4glich, ja st\u00fcndlich von seinen Erlebnissen auf der Insel per iphone ins Web berichten. Am 11.7. war er mit Lothar Koch unterwegs.<\/p>\n<p class=\"Body\">Mehr dazu findet man\u00a0<a title=\"http:\/\/www.google.de\/imgres?q=lothar+koch&amp;start=171&amp;hl=de&amp;client=safari&amp;sa=X&amp;rls=en&amp;biw=1398&amp;bih=790&amp;tbm=isch&amp;prmd=imvnso&amp;tbnid=_vsIMjob3VwQjM:&amp;imgrefurl=http:\/\/www.sylt.de\/tom-auf-sylt\/tag\/natur-lothar-koch\/&amp;docid=CqHdsH6l5cdNcM&amp;imgurl=http:\/\/www.sylt.de\/tom-auf-sylt\/wp-content\/uploads\/IMG_1428-300x225.jpg&amp;w=300&amp;h=225&amp;ei=qDFKUOvsA6Ss0QWn_IDQCA&amp;zoom=1&amp;iact=hc&amp;vpx=715&amp;vpy=343&amp;dur=9626&amp;hovh=180&amp;hovw=240&amp;tx=111&amp;ty=198&amp;sig=115733688768002716850&amp;page=6&amp;tbnh=144&amp;tbnw=211&amp;ndsp=30&amp;ved=1t:429,r:27,s:171,i:91\" href=\"http:\/\/www.google.de\/imgres?q=lothar+koch&amp;start=171&amp;hl=de&amp;client=safari&amp;sa=X&amp;rls=en&amp;biw=1398&amp;bih=790&amp;tbm=isch&amp;prmd=imvnso&amp;tbnid=_vsIMjob3VwQjM:&amp;imgrefurl=http:\/\/www.sylt.de\/tom-auf-sylt\/tag\/natur-lothar-koch\/&amp;docid=CqHdsH6l5cdNcM&amp;imgurl=http:\/\/www.sylt.de\/tom-auf-sylt\/wp-content\/uploads\/IMG_1428-300x225.jpg&amp;w=300&amp;h=225&amp;ei=qDFKUOvsA6Ss0QWn_IDQCA&amp;zoom=1&amp;iact=hc&amp;vpx=715&amp;vpy=343&amp;dur=9626&amp;hovh=180&amp;hovw=240&amp;tx=111&amp;ty=198&amp;sig=115733688768002716850&amp;page=6&amp;tbnh=144&amp;tbnw=211&amp;ndsp=30&amp;ved=1t:429,r:27,s:171,i:91\">hier:<\/a><a class=\"style_1\" title=\"http:\/\/www.sylt.de\/tom-auf-sylt\/mit-lothar-in-der-vergangenheit-und-am-nordpol\/\" href=\"http:\/\/www.sylt.de\/tom-auf-sylt\/mit-lothar-in-der-vergangenheit-und-am-nordpol\/\">MIT LOTHAR IN DER VERGANGENHEIT (UND AM NORDPOL)<\/a><\/p>\n<\/div>\n<div class=\"tinyText\"><\/div>\n<\/div>\n<div id=\"generic-body-attributes\" class=\"Body\"><\/div>\n<\/div>\n<div id=\"id1\" class=\"style_SkipStroke_1 shape-with-text\"><\/div>\n<\/div><\/div><div class='avia-testimonial-meta'><div class='avia-testimonial-arrow-wrap'><div class='avia-arrow'><\/div><\/div><div class='avia-testimonial-meta-mini'  itemprop=\"author\" itemscope=\"itemscope\" itemtype=\"https:\/\/schema.org\/Person\" ><strong  class='avia-testimonial-name'    itemprop=\"name\" >Tom Tauz<\/strong><span  class='avia-testimonial-subtitle '    itemprop=\"jobTitle\" >SMG<\/span><\/div><\/div><\/div><\/div>\n<\/section><\/div>\n","protected":false},"excerpt":{"rendered":"","protected":false},"author":2,"featured_media":0,"parent":2,"menu_order":0,"comment_status":"open","ping_status":"open","template":"","meta":{"jetpack_post_was_ever_published":false,"footnotes":""},"class_list":["post-255","page","type-page","status-publish","hentry"],"jetpack_sharing_enabled":true,"jetpack_shortlink":"https:\/\/wp.me\/P5YYdk-47","_links":{"self":[{"href":"https:\/\/www.syltopia.de\/index.php?rest_route=\/wp\/v2\/pages\/255","targetHints":{"allow":["GET"]}}],"collection":[{"href":"https:\/\/www.syltopia.de\/index.php?rest_route=\/wp\/v2\/pages"}],"about":[{"href":"https:\/\/www.syltopia.de\/index.php?rest_route=\/wp\/v2\/types\/page"}],"author":[{"embeddable":true,"href":"https:\/\/www.syltopia.de\/index.php?rest_route=\/wp\/v2\/users\/2"}],"replies":[{"embeddable":true,"href":"https:\/\/www.syltopia.de\/index.php?rest_route=%2Fwp%2Fv2%2Fcomments&post=255"}],"version-history":[{"count":3,"href":"https:\/\/www.syltopia.de\/index.php?rest_route=\/wp\/v2\/pages\/255\/revisions"}],"predecessor-version":[{"id":258,"href":"https:\/\/www.syltopia.de\/index.php?rest_route=\/wp\/v2\/pages\/255\/revisions\/258"}],"up":[{"embeddable":true,"href":"https:\/\/www.syltopia.de\/index.php?rest_route=\/wp\/v2\/pages\/2"}],"wp:attachment":[{"href":"https:\/\/www.syltopia.de\/index.php?rest_route=%2Fwp%2Fv2%2Fmedia&parent=255"}],"curies":[{"name":"wp","href":"https:\/\/api.w.org\/{rel}","templated":true}]}}