{"id":842,"date":"2020-07-30T11:05:45","date_gmt":"2020-07-30T09:05:45","guid":{"rendered":"http:\/\/www.syltopia.de\/?page_id=842"},"modified":"2021-12-28T18:45:53","modified_gmt":"2021-12-28T16:45:53","slug":"expeditionen-fuehrungen","status":"publish","type":"page","link":"https:\/\/www.syltopia.de\/?page_id=842","title":{"rendered":"Expeditionen &#038; F\u00fchrungen"},"content":{"rendered":"\n<figure class=\"wp-block-image size-large\"><img loading=\"lazy\" decoding=\"async\" width=\"1030\" height=\"759\" src=\"https:\/\/www.syltopia.de\/wp-content\/uploads\/2020\/07\/Bildschirmfoto-2020-07-29-um-14.39.58-1030x759.jpg\" alt=\"\" class=\"wp-image-865\" srcset=\"https:\/\/www.syltopia.de\/wp-content\/uploads\/2020\/07\/Bildschirmfoto-2020-07-29-um-14.39.58-1030x759.jpg 1030w, https:\/\/www.syltopia.de\/wp-content\/uploads\/2020\/07\/Bildschirmfoto-2020-07-29-um-14.39.58-300x221.jpg 300w, https:\/\/www.syltopia.de\/wp-content\/uploads\/2020\/07\/Bildschirmfoto-2020-07-29-um-14.39.58-768x566.jpg 768w, https:\/\/www.syltopia.de\/wp-content\/uploads\/2020\/07\/Bildschirmfoto-2020-07-29-um-14.39.58-1536x1133.jpg 1536w, https:\/\/www.syltopia.de\/wp-content\/uploads\/2020\/07\/Bildschirmfoto-2020-07-29-um-14.39.58-2048x1510.jpg 2048w, https:\/\/www.syltopia.de\/wp-content\/uploads\/2020\/07\/Bildschirmfoto-2020-07-29-um-14.39.58-1500x1106.jpg 1500w, https:\/\/www.syltopia.de\/wp-content\/uploads\/2020\/07\/Bildschirmfoto-2020-07-29-um-14.39.58-705x520.jpg 705w, https:\/\/www.syltopia.de\/wp-content\/uploads\/2020\/07\/Bildschirmfoto-2020-07-29-um-14.39.58-450x332.jpg 450w\" sizes=\"auto, (max-width: 1030px) 100vw, 1030px\" \/><\/figure>\n\n\n\n<h2 class=\"wp-block-heading\">WANDERUNGEN \u00dcBER DIE SCH\u00d6NSTEN STRECKEN SYLTS<\/h2>\n\n\n\n<p><strong>Zu den Wanderungen<\/strong>:<br>Mein Angebot richtet sich an Menschen, die gern wandern, etwas f\u00fcr ihre Gesundheit tun m\u00f6chten und dabei etwas \u00fcber Natur &amp; Landschaft, Vor- und Fr\u00fchgeschichte der Insel, Sylt &amp; seine Bewohner und die aktuellen Probleme und lokalpolitischen Themen  erfahren m\u00f6chten. <\/p>\n\n\n\n<p>Ich verbinde dabei Gemeinschaftserlebnis, Gesundheitsvorsorge, Bewegung und Wissenswertes zu Natur, Umwelt, Landschaft, Meer und Sylter Lokalpolitik.&nbsp;<\/p>\n\n\n\n<p>Wir machen also deutlich mehr Wander-Strecke als bei einer klassischen F\u00fchrung. Eine durchschnittlich gute Wanderfitness ist erforderlich.<\/p>\n\n\n\n<p><strong>Deshalb sind wir in der Regel, je nach Gruppengeschwindigkeit, rund dreieinhalb Stunden unterwegs<\/strong> und erkunden die sch\u00f6nsten Wanderrouten der Insel zu Fu\u00df. Dabei geht es nicht darum ein konkretes Ziel zu erreichen. Wandergruppen haben unterschiedliches Tempo, das Wetter speilt eine Rolle. Wir gehen etwa 3 Stunden und fahren dann zum Ausgangspunkt zur\u00fcck.<\/p>\n\n\n\n<p> Wir gehen bei jedem Wetter. Bitte pr\u00fcfen sie die aktuelle Wetterlage und kleiden sie sich dementsprechend. Eine Wind\/Regenjacke und -Hose dabei zu haben bringt viele Vorteile. Wir laufen in Sportschuhen, Wanderschuhen oder barfuss- nie in Stiefeln. Ich richte unsere Wanderzeiten an der Tide (Gezeiten) aus, sodass Strandwanderungen in der Regel \u00fcber relativ festen Sand m\u00f6glich sind. <br>Bitte immer eine Trinkflasche mitf\u00fchren. F\u00fcr eine kurze Pause gern einen Pausensnack einpacken.&nbsp;Bitte f\u00fchren sie stets Ihre Kurkarte mit sich. Meist geht es zum Treffpunkt zur\u00fcck per Bus oder Grossraum-Taxi (3-8 Euro pro Weg\/Person, nicht im Preis inbegriffen).&nbsp;Grossraumtaxen machen Sinn, wenn mehr als 5 Personen pro Taxe zusammenkommen.<\/p>\n\n\n\n<p><strong>Zu meiner Person:<\/strong><br>Auf der Nordseeinsel Juist aufgewachsen und seit 1987 auf Sylt zu Hause- dabei immer als Biologe aktiver Begleiter der Naturschutz- &amp; Inselpolitik. Aus dieser Lebenserfahrung sch\u00f6pfe ich, wenn ich Ihre Fragen zu Sylt und der Nordsee \u2013 Natur beantworte.<br>Zum Nachlesen empfehle ich Ihnen meine B\u00fccher: Nat\u00fcrlich Sylt- der Naturerlebnisf\u00fchrer und Syltopia- die Dokufantasy aus dem Jahre 2050. Diese, und das Buch &#8222;Fit mit Fastenwandern auf Sylt&#8220; von Heike Werner, bei dem ich Co-Autor bin,  k\u00f6nnen sie direkt bei mir, oder in jeder Buchhandlung erwerben.<\/p>\n\n\n\n<p>Mein&nbsp;<a href=\"https:\/\/issuu.com\/clarityproject\/docs\/sylt_expeditionen\" target=\"_blank\" rel=\"noreferrer noopener\">Flyer zum Weiterleiten<\/a><\/p>\n\n\n\n<p><strong><br>Info &amp; Preise<\/strong><br>Pro Wanderung 220 Euro-stellen Sie gern Ihre Gruppe selbst zusammen. Minimum 4 Teilnehmer, Aufschlag ab 15 Teilnehmer.<br>(Nicht f\u00fcr Kinder unter 16 Jahren geeignet, leider sind die Strecken nicht barrierefrei- daher f\u00fcr Rollstuhlfahrer oder Menschen, die nicht gut zu Fu\u00df sind ungeeignet.)<br><strong>Tickets und Termine<\/strong> <strong>nach telefonischer Absprache<\/strong> +49 170 7768431\u202c oder 04651\/201088.<br>Transport nicht inbegriffen. <br>Durchschnittliche Wanderfitness erforderlich.<br><\/p>\n\n\n\n<p><strong>Die Expeditionen<\/strong><\/p>\n\n\n\n<p>Wir haben kein absolut festes Ziel, sondern nur eine Richtung. Wandergruppen haben unterschiedliches Tempo, das Wetter spielt eine Rolle und der Wissensdurst der Teilnehmenden. Wir gehen etwa 3 Stunden und fahren dann zum Ausgangspunkt zur\u00fcck. Insofern sind die Beschreibungen nur komplett g\u00fcltig, wenn die ganze Strecke erwandert werden kann. <\/p>\n\n\n\n<p><strong><em>Je nach Gruppengeschwindigkeit erreichen wir in 3 Stunden das Ziel, brauchen etwas l\u00e4nger, oder verk\u00fcrzen die Strecke. Der Weg ist das Ziel!<\/em><\/strong> Hier einige Beispiele. Sie k\u00f6nnen Wanderstrecken auch nach Absprache variieren.<\/p>\n\n\n\n<p><strong>Die n\u00e4chsten Termine in 2020:&nbsp;<\/strong><\/p>\n\n\n\n<p><strong>Expedition Rund um den Sylter S\u00fcden:<\/strong> Treffpunkt: Parkplatz K4\u00a0(Bunker Hill) \/Bushaltestelle M\u00f6skental\u00a0<\/p>\n\n\n\n<p><strong>Expedition Westerland-Wenningstedt-Kampen<\/strong>, : Treffpunkt: Vor Strand\u00fcbergang Strandstrasse bei der Sylter Welle in Westerland.<\/p>\n\n\n\n<p><strong>Expedition Westerland-Rantum<\/strong>, Treffpunkt: Vor Strand\u00fcbergang Strandstrasse bei der Sylter Welle in Westerland.<\/p>\n\n\n\n<p><\/p>\n\n\n\n<p><strong>Expedition 1: Strand und Watt- von Westerland \u00fcber Rantum bis zu den Tinnumer Wiesen.<\/strong><\/p>\n\n\n\n<figure class=\"wp-block-image size-large is-resized\"><img loading=\"lazy\" decoding=\"async\" src=\"https:\/\/www.syltopia.de\/wp-content\/uploads\/2020\/07\/KochRantum-699x1030.jpg\" alt=\"\" class=\"wp-image-864\" width=\"252\" height=\"371\" srcset=\"https:\/\/www.syltopia.de\/wp-content\/uploads\/2020\/07\/KochRantum-699x1030.jpg 699w, https:\/\/www.syltopia.de\/wp-content\/uploads\/2020\/07\/KochRantum-204x300.jpg 204w, https:\/\/www.syltopia.de\/wp-content\/uploads\/2020\/07\/KochRantum-768x1131.jpg 768w, https:\/\/www.syltopia.de\/wp-content\/uploads\/2020\/07\/KochRantum-479x705.jpg 479w, https:\/\/www.syltopia.de\/wp-content\/uploads\/2020\/07\/KochRantum-450x663.jpg 450w, https:\/\/www.syltopia.de\/wp-content\/uploads\/2020\/07\/KochRantum.jpg 888w\" sizes=\"auto, (max-width: 252px) 100vw, 252px\" \/><figcaption>Sp\u00fclsaumfunde erkunden-mit Gl\u00fcck einen Bernstein finden<\/figcaption><\/figure>\n\n\n\n<p><strong>Wander-Dauer:<\/strong> ca 3,5 Stunden, je nach Gruppentempo. Gesamtstrecke der Wanderung: ca.11 km, davon 4 km +\/- fester Sandstrand.<\/p>\n\n\n\n<p>Wir starten die Wanderung am Strand\u00fcbergang Westerland\/Strandstrasse. Bitte f\u00fchren sie stets Ihre Kurkarte mit sich. Von hier aus wandern wir zun\u00e4chst \u00fcber die Promenade in Richtung S\u00fcden. Dann wechseln wir an den Strand und wandern bis nach Rantum. Auf dem Weg sammeln und erkunden wir Sp\u00fclsaumfunde, die das Meer mit jeder Flut neu anlandet. Es gibt viel Wissenswertes \u00fcber die Nordseenatur, das Walschutzgebiet, Robben und Seev\u00f6gel zu erfahren.<br>in Rantum wechseln wire die Seeseite \u00fcber den Campingplatz zum Rantumbecken. Wir wandern \u00fcber den Rantum Beckendeich in richtung Tinnumer Wiesen. Rechts der Nationalpark Wattenmeer, links das Vogelschutzgebiet. Vom N\u00f6ssedeich aus lassen wir uns mit Grossraumtaxen zur\u00fcck nach Westerland fahren.<\/p>\n\n\n\n<p><strong>Expedition 2: Rund um den Sylter S\u00fcden<\/strong><\/p>\n\n\n\n<figure class=\"wp-block-image size-large is-resized\"><img loading=\"lazy\" decoding=\"async\" src=\"https:\/\/www.syltopia.de\/wp-content\/uploads\/2020\/08\/IMG_1361-1030x773.jpeg\" alt=\"Immer in Richtung Leuchtturm\" class=\"wp-image-891\" width=\"457\" height=\"341\"\/><figcaption>Immer in Richtung Leuchtturm<\/figcaption><\/figure>\n\n\n\n<p><strong>Wander-Dauer:<\/strong> ca 3,5 Stunden, je nach Gruppentempo. Gesamtstrecke der Wanderung: ca.10 km, davon 2 km +\/- fester Sandstrand.<\/p>\n\n\n\n<p><strong>Themenschwerpunkte:<\/strong> Nationalpark Wattenmeer, Wattv\u00f6gel, Salzwiesen, Muschelfischerei, K\u00fcstenschutz, Nordsee, Robben&amp;Wale,  D\u00fcnen<\/p>\n\n\n\n<p>Wir starten die Wanderung an der Bushaltestelle M\u00f6kental am Parkplatz K4 (Bunker Hill) rund 4 km vor H\u00f6rnum.<br>Von dort aus geht es auf die Ostseite und wir wandern entlang der seltenen Sandsalzwiesen in Richtung H\u00f6rnum. Sie erfahren etwas \u00fcber Bedeutung, Gef\u00e4hrdung und Schutz des Nationalparkes Wattenmeer, die Salzwiesen Flora und die Muschelfischerei, die von H\u00f6rnum aus in grossem Ma\u00dfstab betrieben wird. Wir passieren einen wichtigen Hochwasserrastplatz der Wattv\u00f6gel und erreichen das Golfhotel Budersand. Von dort geht es entlang des H\u00f6rnumer Hafens in Richtung S\u00fcdspitze. bei der Umrundung des bei Sturm &#8222;wildesten St\u00fcckchen Deutschlands&#8220; erfahren Sie, wie St\u00fcrme, Brandung und Str\u00f6mung und auch der Mensch die Insel bedrohen. Auch \u00fcber Seehunde und Kegelrobben gibt es eine Menge zu berichten. Je nach Zeit wandern wir \u00fcber unterschiedliche Pfade zu einer Bushaltestelle, oder zur Ausstellung &#8222;Arche Wattenmeer&#8220; der Schutzstation. Wer m\u00f6chte, besucht die Station, alle anderen nehmen den Bus zur\u00fcck.<\/p>\n\n\n\n<p><strong>Expedition 3: Von Westerland nach Kampen<\/strong><\/p>\n\n\n\n<figure class=\"wp-block-image size-large is-resized\"><img loading=\"lazy\" decoding=\"async\" src=\"https:\/\/www.syltopia.de\/wp-content\/uploads\/2020\/07\/KochKampen-720x1030.jpg\" alt=\"\" class=\"wp-image-866\" width=\"344\" height=\"493\" srcset=\"https:\/\/www.syltopia.de\/wp-content\/uploads\/2020\/07\/KochKampen-720x1030.jpg 720w, https:\/\/www.syltopia.de\/wp-content\/uploads\/2020\/07\/KochKampen-210x300.jpg 210w, https:\/\/www.syltopia.de\/wp-content\/uploads\/2020\/07\/KochKampen-768x1098.jpg 768w, https:\/\/www.syltopia.de\/wp-content\/uploads\/2020\/07\/KochKampen-493x705.jpg 493w, https:\/\/www.syltopia.de\/wp-content\/uploads\/2020\/07\/KochKampen-450x643.jpg 450w, https:\/\/www.syltopia.de\/wp-content\/uploads\/2020\/07\/KochKampen.jpg 898w\" sizes=\"auto, (max-width: 344px) 100vw, 344px\" \/><figcaption>Expedition \u00fcber das Rote Kliff<\/figcaption><\/figure>\n\n\n\n<p><strong>Wander-Dauer:<\/strong> ca 3,5 Stunden, je nach Gruppentempo. Gesamtstrecke der Wanderung: ca.8 km, davon 3 km +\/- fester Sandstrand, Kurze Strecken durch D\u00fcnenpfade.<\/p>\n\n\n\n<p><strong>Themenschwerpunkte:<\/strong> K\u00fcstenschutz, Nordsee, Robben&amp;Wale, Inselentstehung, Geologie, D\u00fcnen, Vor-&amp; Fr\u00fchgeschichte<\/p>\n\n\n\n<p>Wir starten am Strand\u00fcbergang Westerland\/Strandstrasse. Bitte f\u00fchren sie stets Ihre Kurkarte mit sich. <\/p>\n\n\n\n<p>Zun\u00e4chst wandern wir \u00fcber die feste Promenade in Richtung Norden. Je nach Wind und Wetter wechseln wir dann an den Strand, oder hinter die D\u00fcne.<\/p>\n\n\n\n<p>Wenn es am Strand weitergeht sammeln wir Sp\u00fclsaumfunde, die sp\u00e4ter erl\u00e4utert werden.  Sie erfahren etwas f\u00fcr die Bedeutung, Gef\u00e4hrdung und den Schutz der Nordsee.<br>Hinter der D\u00fcne kommen wir an der Station des Umweltbundesamtes vorbei und ich erkl\u00e4re etwas \u00fcber deren Aufgaben und die Umweltqualit\u00e4t der Insel.<\/p>\n\n\n\n<p>Am Haupt\u00fcbergang Wenningstedt wechseln wir vom Strand hoch auf das Kliff. Wir wandern ein kurzes St\u00fcck durch Wenningstedt um wenig sp\u00e4ter auf den Kliff-Weg zu wechseln.<\/p>\n\n\n\n<p>Dann geht es auf dem zun\u00e4chst  festen Kliffweg bei wundervollen Ausblicken auf die Nordsee  in Richtung Kampen. Auf der Strecke erl\u00e4utere ich etwas zu Inselentsteheung, Kliffbildung und D\u00fcnenbildung.<\/p>\n\n\n\n<p>Am Ende des Weges f\u00fchrt uns die Wanderung zur h\u00f6chsten Erhebung der Insel, die Uwe D\u00fcne, die wir erklimmen, um den sch\u00f6nen Ausblick zu geniessen und einen Blick auf Deutschlands teuerstes Dorf zu werfen: Kampen.  An einem Steinzeitmonument  erl\u00e4utere ich etwas zur Vor- und Fr\u00fchgeschichte der Insel. Dann wandern wir durch Kampen\u00b4s Partymeile in Richtung Kaamph\u00fcs. Von dort geht es mit Grossraumtaxen oder Bus zur\u00fcck nach Westerland. <\/p>\n\n\n\n<p><\/p>\n\n\n\n<p><strong>Expedition 4: Rund um das Naturschutzgebiet Listland mit den Wanderd\u00fcnen<\/strong><\/p>\n\n\n\n<p><strong>Wander-Dauer:<\/strong> ca 3,5 Stunden, je nach Gruppentempo. Gesamtstrecke der Wanderung: ca.10 km, davon bis zu 5 km +\/- fester Sandstrand.<\/p>\n\n\n\n<p><strong>Themenschwerpunkte:<\/strong> Wattenmeerforschung, Nationalpark Wattenmeer, K\u00f6nigshafen, Nordsee, Robben&amp;Wale, K\u00fcstenschutz, Sp\u00fclsaumfunde, D\u00fcnen, Wanderd\u00fcnen<\/p>\n\n\n\n<p>Wir starten die Wanderung am Eingang des Zentrums f\u00fcr Naturgewalten in List, nahe des Hafens oder nach Absprache.<\/p>\n\n\n\n<figure class=\"wp-block-image size-large is-resized\"><img loading=\"lazy\" decoding=\"async\" src=\"https:\/\/www.syltopia.de\/wp-content\/uploads\/2020\/07\/KochList-689x1030.jpg\" alt=\"\" class=\"wp-image-863\" width=\"406\" height=\"607\" srcset=\"https:\/\/www.syltopia.de\/wp-content\/uploads\/2020\/07\/KochList-689x1030.jpg 689w, https:\/\/www.syltopia.de\/wp-content\/uploads\/2020\/07\/KochList-201x300.jpg 201w, https:\/\/www.syltopia.de\/wp-content\/uploads\/2020\/07\/KochList-768x1148.jpg 768w, https:\/\/www.syltopia.de\/wp-content\/uploads\/2020\/07\/KochList-1003x1500.jpg 1003w, https:\/\/www.syltopia.de\/wp-content\/uploads\/2020\/07\/KochList-472x705.jpg 472w, https:\/\/www.syltopia.de\/wp-content\/uploads\/2020\/07\/KochList-450x673.jpg 450w, https:\/\/www.syltopia.de\/wp-content\/uploads\/2020\/07\/KochList.jpg 1014w\" sizes=\"auto, (max-width: 406px) 100vw, 406px\" \/><figcaption>vielf\u00e4ltige Meeresnatur entdecken<\/figcaption><\/figure>\n\n\n\n<p>Der Weg f\u00fchrt zun\u00e4chst vorbei an einer der \u00e4ltesten Meeresforschungsstationen Deutschlands, dem Alfred Wegener Institut. Wir setzen unsere Wanderung \u00fcber den M\u00f6venbergdeich fort: rechter Hand der Nationalpark Wattenmeer mit wichtigen Rastpl\u00e4tzen f\u00fcr Zugv\u00f6gel, linker Hand der Lister Koog.<\/p>\n\n\n\n<p>Sp\u00e4ter geht es am K\u00f6nigshafen entlang bis zur hohen Panoramaplattform mit Blick \u00fcber den Ellenbogen und das Naturschutzgebiet Listland. Von hier aus setzen wir zu einer langen Strandwanderung an. Wir sammeln und entdecken Sp\u00fclsaumfunde, erfahren etwas \u00fcber die Tierwelt der offenen Nordsee und wandern \u00fcber den sch\u00f6nsten Strand der Insel. Erfahren Sie etwas \u00fcber die Enstehung der Wanderd\u00fcnen und die Gef\u00e4hrdung der Tier- und Pflanzenwelt. Je nach Zeit nehmen wir einen Strand\u00fcbergang und fahren mit dem Strandbus zur\u00fcck. <\/p>\n","protected":false},"excerpt":{"rendered":"<p>WANDERUNGEN \u00dcBER DIE SCH\u00d6NSTEN STRECKEN SYLTS Zu den Wanderungen:Mein Angebot richtet sich an Menschen, die gern wandern, etwas f\u00fcr ihre Gesundheit tun m\u00f6chten und dabei etwas \u00fcber Natur &amp; Landschaft, Vor- und Fr\u00fchgeschichte der Insel, Sylt &amp; seine Bewohner und die aktuellen Probleme und lokalpolitischen Themen erfahren m\u00f6chten. Ich verbinde dabei Gemeinschaftserlebnis, Gesundheitsvorsorge, Bewegung und [&hellip;]<\/p>\n","protected":false},"author":2,"featured_media":0,"parent":0,"menu_order":0,"comment_status":"closed","ping_status":"closed","template":"","meta":{"jetpack_post_was_ever_published":false,"footnotes":""},"class_list":["post-842","page","type-page","status-publish","hentry"],"jetpack_sharing_enabled":true,"jetpack_shortlink":"https:\/\/wp.me\/P5YYdk-dA","_links":{"self":[{"href":"https:\/\/www.syltopia.de\/index.php?rest_route=\/wp\/v2\/pages\/842","targetHints":{"allow":["GET"]}}],"collection":[{"href":"https:\/\/www.syltopia.de\/index.php?rest_route=\/wp\/v2\/pages"}],"about":[{"href":"https:\/\/www.syltopia.de\/index.php?rest_route=\/wp\/v2\/types\/page"}],"author":[{"embeddable":true,"href":"https:\/\/www.syltopia.de\/index.php?rest_route=\/wp\/v2\/users\/2"}],"replies":[{"embeddable":true,"href":"https:\/\/www.syltopia.de\/index.php?rest_route=%2Fwp%2Fv2%2Fcomments&post=842"}],"version-history":[{"count":30,"href":"https:\/\/www.syltopia.de\/index.php?rest_route=\/wp\/v2\/pages\/842\/revisions"}],"predecessor-version":[{"id":972,"href":"https:\/\/www.syltopia.de\/index.php?rest_route=\/wp\/v2\/pages\/842\/revisions\/972"}],"wp:attachment":[{"href":"https:\/\/www.syltopia.de\/index.php?rest_route=%2Fwp%2Fv2%2Fmedia&parent=842"}],"curies":[{"name":"wp","href":"https:\/\/api.w.org\/{rel}","templated":true}]}}